 highest common factor of 42 and m.
21
Let n = -7 + 11. Suppose 0 = 3*k, 5*h = 6*k - 4*k + 1565. Suppose 2*o + n*l - 120 = 0, 0 = 5*o + 5*l + 28 - h. Calculate the greatest common divisor of 6 and o.
6
Suppose 8*y - 4196 + 1724 = 0. What is the greatest common divisor of y and 2575?
103
Let n be -7*((-270)/21)/3. Suppose 762 = 5*j + 3*f, -8*f - 284 = -2*j - 4*f. Calculate the highest common factor of n and j.
30
Let v = -11656 + 18661. What is the greatest common factor of 60 and v?
15
Suppose 543 = 5*b - 4*u, 4*b - 2*b - u - 216 = 0. Suppose -115*p = -b*p - 32. Calculate the greatest common divisor of p and 20.
4
Let o(t) = -8*t + 2. Let w(r) = -2*r**3 + 8*r**2 - 3*r + 10. Let v be w(4). Let h be o(v). Calculate the greatest common divisor of 66 and h.
6
Let d(q) = 200*q - 400*q + 34 + 196*q. Let p be d(8). Calculate the highest common factor of 90 and p.
2
Suppose -353*l + 158070 + 208697 = 0. Calculate the greatest common divisor of 2 and l.
1
Let q = 19171 - 18787. What is the greatest common divisor of q and 7776?
96
Let w be (-2470)/(-90) + 8 - 8/18. Calculate the greatest common factor of 25 and w.
5
Let b(i) = 2*i**2 + 57*i + 945. Let c be b(-35). What is the greatest common divisor of c and 980?
140
Let n be 114 + 6/3 + -4 + 3. Suppose -315 = -25*f - n. Calculate the highest common divisor of f and 52.
4
Suppose 0 = -5*z + 3*b + 1, -5*b + 9 = 2*z - 10. Suppose -200 = 4*j + 3*q - 2119, q - 957 = -z*j. What is the highest common divisor of j and 7?
7
Let r = 42 + -22. Suppose -r = 62*u - 66*u. Suppose l - 13 = -4*t, 2*l = u*l - 4*t - 55. Calculate the greatest common factor of 51 and l.
17
Suppose 0 = -4*k + 5*k - 14. Suppose -2*s - 61 = -4*h + 47, 2*s - 4 = 0. Suppose -30*x = -h*x - 28. Calculate the greatest common divisor of k and x.
14
Let n = 766 - 360. Suppose 0 = 2*p + 4*c - n, -p + 5*c = -6*p + 1020. What is the highest common factor of 82 and p?
41
Let l = 251 - 111. Suppose -180 = -54*d + 45*d. Calculate the highest common divisor of d and l.
20
Let o(g) = -g**3 - 133*g**2 - 293*g - 653. Let l be o(-131). Calculate the highest common factor of l and 108.
12
Suppose 40*u + 45*u = 86*u - 42. Calculate the greatest common divisor of 2919 and u.
21
Suppose -63*k + 64*k = 27. Let f(b) = b**3 - 6*b**2 - 15*b - 14. Let h be f(6). Let p = h + 131. Calculate the highest common divisor of p and k.
27
Let u be -3*(-20)/12 + 6. Let k be 1/((-3 + 2)/(5/(15/(-99)))). What is the highest common divisor of k and u?
11
Suppose -2*w + 4*t = -0*w - 78, -2*t = -5*w + 155. What is the greatest common divisor of 899 and w?
29
Let i(n) = -n**2 - 13*n - 11. Let p be i(-5). Calculate the highest common factor of p and 6583.
29
Let r = -43 - -43. Let y(x) = -x**3 + 2*x**2 - 2*x + 34. Let s be y(r). What is the greatest common factor of 170 and s?
34
Suppose -2*z + 7*z - 623 = -3*t, -3*t - 3*z + 627 = 0. Suppose t = 13*u - 2909. Calculate the greatest common divisor of 18 and u.
6
Suppose -4*y - 303 = 57. Let h be 160/(-100)*y/4. What is the highest common divisor of 63 and h?
9
Let w(q) = 3*q**2 + q - 3. Let m be w(3). Suppose 0 = -3*t - a + 572, -144*a - 358 = -2*t - 140*a. Calculate the greatest common divisor of m and t.
27
Let g = 75 + -66. Let t be 8/18*g/2. Suppose -t*b + 189 = 7*b. Calculate the greatest common factor of 7 and b.
7
Suppose 20*w = 10*w + 6890. Let r = -683 + w. What is the highest common divisor of 606 and r?
6
Suppose -d - 1 = c, 0 - 1 = 5*c + 3*d. Let o = 155 - 163. Let m be 10*o/(-20) - -7. Calculate the greatest common divisor of m and c.
1
Let b be -123 + 1 + (-9 - -1)/4. Let n = b + 156. What is the highest common divisor of 8 and n?
8
Let w be (-16 + 14)/(-18) - (-4 - (-6794)/(-9)). Calculate the highest common factor of 4191 and w.
33
Suppose b + 2 = 14. Suppose -9*w + 0*w - 6*w = 0. Let j(o) = 2*o + 84. Let m be j(w). Calculate the highest common divisor of b and m.
12
Let k(c) = c**3 + 5*c**2 + c - 53. Let r be k(-8). Let z = r - -263. What is the highest common factor of z and 190?
10
Let n(t) = -67*t. Let l be n(-1). Let z = l - -33. Calculate the greatest common factor of 2 and z.
2
Let o(w) = w - 5. Let v be o(-7). Let f be 5 - (502/(-4))/((-6)/v). What is the greatest common divisor of f and 32?
32
Let t = 36254 - 25374. What is the greatest common divisor of t and 170?
170
Let s(o) = 45*o**2 - 119*o + 1118. Let v be s(10). What is the highest common factor of v and 164?
164
Let r(b) = 11*b + 91. Let z be r(10). What is the highest common factor of z and 36180?
201
Let y(h) = h**3 + 7*h**2 - 37*h - 246. Let f be y(-7). What is the highest common factor of 11531 and f?
13
Suppose -5*n - 4*c + 17 = 0, -3*n = -5*c - 18 - 7. Suppose -3*i + 6*i + 12 = 0, -q = n*i - 118. What is the greatest common factor of 6 and q?
6
Suppose 0 = -8*w + 4 - 20. Let g be (-8)/(4 - (56/27 - w)). What is the highest common factor of g and 54?
54
Let h = -23 - -41. Let r(p) = -p**3 - 21*p**2 - 19*p + 24. Let u be r(-20). Suppose l - 90 = -u*l. Calculate the highest common factor of h and l.
18
Let g be (-15)/5 - (2 + 1 - 81). Let v = -43 + 45. Suppose 5*m + 2*a - 79 = -v*a, -4*a = -3*m + 41. What is the greatest common divisor of g and m?
15
Let d be (112/49)/4 + (-333)/7. Let l be 4*(12 + -2) + 47 + d. What is the greatest common factor of l and 15?
5
Let r be 290/(-1 + (-20)/(-12)). Suppose r - 1251 = -16*n. What is the highest common factor of n and 17?
17
Let f be 207/5 + 3/5. Suppose u - f = -11. Suppose u*v - 78 = 28*v. What is the highest common divisor of 13 and v?
13
Suppose 138 = -3*u - 90. Let s = -66 - u. Let j = -258 + 338. What is the greatest common factor of s and j?
10
Suppose -2*p + 0*p - 30 = 0. Let c be p*(2 + 8/(-3)). Calculate the highest common factor of c and 10.
10
Suppose 2*s - 5*n - 2 - 14 = 0, 2*s + 12 = -2*n. Let f be ((-204)/238)/(s/(-336)*-2). Let r be (6/(-4) + 0)*-6. What is the highest common divisor of f and r?
9
Let o(h) = -h**3 - 8*h**2 + 16*h - 167. Let j be o(-11). Let b(q) = 22*q**2 + 2*q + 6. Let p be b(6). What is the greatest common divisor of p and j?
10
Let d be (-38 - -60) + (-1 - 1). Suppose 87*n + 240 = 107*n. What is the highest common factor of n and d?
4
Let t = 20427 - 19536. What is the greatest common divisor of 2592 and t?
81
Let v be (436 - 3) + (144/(-9) - -15). Calculate the highest common factor of v and 1548.
36
Let d(i) = 2303*i + 4252. Let g be d(32). Calculate the greatest common factor of g and 52.
52
Let z = 1383 + -1041. Calculate the highest common factor of 114 and z.
114
Suppose 0 = -6*g + 1039 + 2549. Suppose g + 1787 = 5*d. What is the greatest common factor of d and 53?
53
Let f = 2 - -118. Suppose a = 6*a - 3*j - 150, -f = -4*a + 4*j. Let m = -136 - -151. What is the greatest common factor of m and a?
15
Suppose 26*q - 50268 = 14*q. What is the highest common divisor of 71 and q?
71
Suppose -4*i + 20 = 0, 5*i - 37 = 3*p + 27. Let h be 16/10*(-9 - p - -1). Calculate the highest common divisor of 14 and h.
2
Suppose -36442 = 33*u - 159*u + 20258. What is the greatest common factor of 1550 and u?
50
Suppose 9249 = -49*u + 18245 + 58624. What is the greatest common divisor of u and 18285?
345
Suppose 15*b = 6*b. Suppose -3*a = a - 8, b = -m - 3*a + 10. Suppose m*v - 4*o = 116, 4*v - 3*o = 3*v + 21. What is the greatest common factor of v and 11?
11
Let t(n) = n**2 - 40*n + 243. Let b be t(33). Suppose -4*u + 9*u = 105. Calculate the greatest common divisor of u and b.
3
Let a = -18 + 21. Suppose a*j - 13*j = -1050. Let z = -55 + j. What is the greatest common factor of z and 10?
10
Let k be -1*(-1)/(-2)*-26. Let g(m) = 10*m + 2*m + 14*m + 2*m + k. Let q be g(5). Calculate the highest common factor of 17 and q.
17
Suppose 1802*w - 1305 = 1793*w. Let j = 8 + -3. Calculate the highest common divisor of w and j.
5
Let g(x) = -4*x**2 + 2*x. Let o be g(-1). Let c be 21/o*2 - -9. Calculate the greatest common factor of c and 4.
2
Let c be 15 - (0 - (1 - 2)). Suppose 697377*i = 697399*i - 1232. What is the highest common divisor of c and i?
14
Suppose 206 - 1218 = -57*q + 353 + 1200. Let c(d) = -2*d - 1. Let s be c(-3). What is the greatest common divisor of q and s?
5
Suppose -48 = -f + p + 48, f - 104 = -p. Suppose 0 = -2*u - 2*t + 182 + 58, t = -5. Calculate the greatest c